tors of a.
2, 3, 5
Suppose 4*z - 7*z + 453 = 0. What are the prime factors of z?
151
Let q be (4/6)/((-1)/12). Let x = -5 - q. Suppose x*t - 5*w = -8, 8 = 8*t - 3*t - 3*w. List the prime factors of t.
2
Suppose 0 = 5*s - 452 - 1133. List the prime factors of s.
317
Let m(h) = -h + 21. Let w be m(0). Suppose -p - w = -4*p. List the prime factors of p.
7
Let s = -24 - -38. What are the prime factors of s?
2, 7
Let i = 2 + 6. Let h = -6 + i. Suppose 16 = h*g + 2*f, f + 3*f - 36 = -5*g. What are the prime factors of g?
2
Let s(i) = 8 - 4 - i + 4. What are the prime factors of s(6)?
2
Suppose -2*n + n = -3*j + 4, -5*n + 6 = -2*j. Suppose j*k - 10 = -3*k. List the prime factors of 44/7 - k/7.
2, 3
List the prime factors of 332*(((-21)/2)/7 - -2).
2, 83
Let b be 2 - (1 + -5)*16/(-8). Suppose 0*u + 5 = -u - 3*j, 4*j = -5*u - 3. What are the prime factors of -1*u*54/b?
3
Let u(q) = q**2 - 4*q + 1. Let r be u(4). Suppose -3 = 15*n - 16*n. Let j = n - r. List the prime factors of j.
2
Suppose -7*g + 35 = -2*g. Let c = g + -6. List the prime factors of (-17)/(-1)*(c - 0).
17
Let b(w) be the second derivative of -w**4/12 + 5*w**3/6 - 3*w**2/2 + 2*w. Suppose -5*y + 3*n + 12 = 0, 3*n = 2*y - n - 2. List the prime factors of b(y).
3
Let r(b) = 3*b + 13. Let g be r(6). Let f = g + 8. List the prime factors of f.
3, 13
Let n(a) = 7*a - 9. List the prime factors of n(6).
3, 11
Suppose -j - 4*j + 5 = 0. Let u = -4 + 6. What are the prime factors of (-15)/(-4 + u + j)?
3, 5
Let i(s) = s**3 + 15*s**2 + 3*s + 4. Let b be i(-14). Suppose -t + 3*u = -22, -3*t = -8*t + 3*u + b. What are the prime factors of t?
2, 17
Let g = 53 - 36. Suppose h + 5*o = -0*o - 22, g = -h - 4*o. What are the prime factors of h?
3
Suppose -42 = -9*w + 7*w. Let r be (-1)/3 - (-19)/3. Suppose -4*j = -b + w, -r*j + 2*j - 57 = -5*b. What are the prime factors of b?
3
Suppose -3*j + 3*l = -12, -3*j + 4 = -2*j - 5*l. What are the prime factors of j?
2
Suppose 2*p - 2 = f, -f = 4*f - 5*p + 5. Let d be (0 - -1)/(1 - f). Let u = 11 - d. List the prime factors of u.
2, 5
Suppose -2*w - 4 = 6, 3*g + 2*w - 74 = 0. List the prime factors of g.
2, 7
Suppose 4*y - 88 = -4*x, -2*x = -3*y - 7*x + 72. List the prime factors of y.
19
Suppose -5*i = -3*d + 2*d - 1006, -2*i = 5*d - 424. Suppose 3*k + 2*w - 129 = 0, 0*w + w + i = 5*k. What are the prime factors of k?
41
Let y(r) = 5*r**2 + 3*r - 2. List the prime factors of y(-3).
2, 17
Suppose 0 = -3*h + 4*c + 467, -141 = 4*h + 3*c - 722. List the prime factors of h.
149
Let z = 5 - -3. Let c = z + 7. List the prime factors of c.
3, 5
Let h(z) = -z**3 - 5*z**2 + z - 4. Suppose 6*n - n = -30. List the prime factors of h(n).
2, 13
List the prime factors of (-626)/(-8) - (-5)/(-20).
2, 3, 13
Let l(z) = z**3 - z**2 + z. Let r be l(2). List the prime factors of (40/r - 1)*3.
17
Let n be (8/(-10))/((-3)/15). Let f = 9 - n. List the prime factors of f.
5
Suppose 0 = -3*b + i + 17, i - 16 + 1 = -5*b. Suppose 0 = -b*s + s. Suppose 11 = 4*q - 2*z - 7, 5*q + 4*z - 55 = s. List the prime factors of q.
7
Let c = -16 + 26. What are the prime factors of c?
2, 5
Suppose -4*d + 5*q + 39 - 2 = 0, 0 = 5*d - 2*q - 25. Let s(i) = 5*i - 2. Let z be s(3). Suppose -z + d = -h. What are the prime factors of h?
2, 5
Let j(w) = w**3 - 6*w**2 + 6*w + 2. Let m be j(5). Let s = -14 - -30. Let c = s - m. What are the prime factors of c?
3
Let g(r) = r + 1. Let w(u) = u. Let d(m) = 5*g(m) - 6*w(m). What are the prime factors of d(-4)?
3
Let b(m) = 7*m**3 + m - 1. Let z be b(1). Suppose 8 + z = 5*u. List the prime factors of (15/12)/(u/24).
2, 5
Suppose 57 + 15 = 3*y. Suppose 0*t = 4*t + y. Let i(z) = -z**3 - 5*z**2 + 3*z - 8. What are the prime factors of i(t)?
2, 5
Let v = -109 + 201. Suppose -5*p - 2*h = -3*h - 108, -4*p + v = 2*h. What are the prime factors of p?
2, 11
Let y be 10/20 - (-114)/4. Suppose y = 3*f - 1. List the prime factors of f.
2, 5
What are the prime factors of (94/(-8))/(-2*2/16)?
47
Suppose 4*h + 12 = 5*b + 123, -3*h + 88 = b. List the prime factors of h.
29
Suppose 0 = -4*l + 15 + 45. What are the prime factors of l?
3, 5
Let n = 34 - -20. List the prime factors of n.
2, 3
Let x(h) = 2*h - 3. List the prime factors of x(14).
5
Let x(q) = -2*q - 2. Let k be x(-5). Let j = 26 - k. Suppose 0*n + 2*n - j = 0. What are the prime factors of n?
3
Let m(p) = -2*p - 16. Let k be m(-10). Suppose 0 = k*w - 14 - 6. What are the prime factors of w?
5
Let b(j) = -j**2 - j + 83. List the prime factors of b(0).
83
Let t be (-138)/(-12) + 1/(-2). Let x = t + 2. What are the prime factors of x?
13
Suppose 2*o + 20 = 6*o. Suppose -17 = -m + 2*f, m - o*f = 5 + 3. What are the prime factors of m?
23
Let h(i) = -8*i**3 - 2*i**2 - 14*i - 1. Let t(a) = 3*a**3 + a**2 + 5*a. Let p(f) = 4*h(f) + 11*t(f). Let g be p(-3). List the prime factors of g/((-1)/14*2).
7
Suppose -54 + 15 = -3*t - 4*c, t - 4*c = -3. List the prime factors of t.
3
Let o = -3 - -5. Suppose -2*j - 2*h - 70 = 0, -2*h = o*j - 3*h + 73. Let l = j + 52. What are the prime factors of l?
2
Suppose 4*i - i + 4*w - 91 = 0, -w = -3*i + 116. What are the prime factors of i?
37
Suppose 3 = -d - 0. Let p = 3 - d. List the prime factors of (-1)/3 + 26/p.
2
Suppose -3*g + 82 = -g. What are the prime factors of g?
41
Let m = -111 + 40. Let k = -47 - m. What are the prime factors of k?
2, 3
Suppose -3*g + 16 = 4*j, -4*g + 3*j - 6*j + 12 = 0. Suppose -6*q + 3*q + 30 = g. What are the prime factors of q?
2, 5
Suppose -5*a = 5*q - 1275, 15*a - 11*a = -5*q + 1017. List the prime factors of a.
2, 3, 43
Let a be (-14)/(-4) + 3/2. Suppose -t - a*p + 26 = 0, -6*p + p = 2*t - 37. List the prime factors of t.
11
Let q be 1*(0 - 0) + 3. Suppose -2*k + q = 5*a, 2 = 4*k - 2*a + 8. List the prime factors of k + (16 - 0) + 0.
3, 5
List the prime factors of 6 + -8 - (-90)/3.
2, 7
Suppose 0*d + 21 = d. Suppose 4*k - 71 = -v, 4*k - 5*v = d + 56. Suppose 3*r = r + k. What are the prime factors of r?
3
Suppose -12 = 3*r - 2*s - 1, -2*r = 5*s + 1. List the prime factors of r + 30 + (0 - -3).
2, 3, 5
Let i = 6 + -3. Suppose 0 = -i*c - 2*c + 110. List the prime factors of c.
2, 11
Let z = 221 + -89. List the prime factors of z.
2, 3, 11
Let s be 3/12 + 1/(-4). Suppose 3*i - 52 + 16 = s. List the prime factors of i.
2, 3
Let i = 16 - 8. Let z(b) = 3*b - 10. What are the prime factors of z(i)?
2, 7
Let s(w) = -2*w**3 + w**2 + 3*w - 3. Let p be s(2). Let q be (6/p)/((-2)/15). Suppose -5*o + q = -45. List the prime factors of o.
2, 5
Let n(y) be the second derivative of -y**5/20 + y**4/12 + 11*y**2 + 5*y. What are the prime factors of n(0)?
2, 11
Let k be (-12)/10*20/(-6). Suppose -14 = -2*x + k. List the prime factors of x.
3
Let o(a) = 37*a**2 + a - 4. List the prime factors of o(-3).
2, 163
Let n(h) = h**3 - 28*h**2 - 44*h - 53. What are the prime factors of n(30)?
7, 61
Let n be 0/(-2)*9/(-9). What are the prime factors of (-6 + n)*(-3)/1?
2, 3
Let c(y) = 2*y**3 + y**2 - 1. Let s be c(1). Suppose l - 3*h - s*h - 11 = 0, -2*l + 22 = 5*h. What are the prime factors of l?
11
Suppose 0 = 2*q + q - 24. What are the prime factors of q/(-60) - 1114/(-30)?
37
Let q = -77 - -138. Suppose 3*p + 150 = 5*d + p, -2*d + q = -p. What are the prime factors of d?
2, 7
Suppose -3*j = -4*a - 27, 3*j - 3*a - 14 = 2*j. Suppose 38 + 29 = j*z + 2*u, -5*u = -5. List the prime factors of z.
13
Suppose 4 = -2*p + 4*p. What are the prime factors of -1 - (-52 - -4 - p)?
7
Let g = 70 - -2. Suppose -2*n + g = n. Suppose -2*d = -m + n, -17 = -3*m - 4*d + 15. What are the prime factors of m?
2
Suppose -3 = 5*z - 2*c + 20, -z = -3*c + 15. Let j = z + 5. Suppose -5*o + 21 = -5*a + a, -5*a = -j*o + 5. List the prime factors of o.
5
Let j(r) = -r - 10. Let h be j(-10). Suppose -3*g - 4 = -4*g - 2*t, h = 4*g - 3*t - 49. What are the prime factors of g?
2, 5
Let h be 2 + ((-52)/(-2))/2. Suppose 0 = -0*u - 5*u + h. List the prime factors of u.
3
Suppose -r + 2 = -0*r. Suppose 0 = 3*w - 6*w. Suppose w*o = -r*o + 24. List the prime factors of o.
2, 3
Let i = -2 - -4. List the prime factors of (-1 + 75 - 0)/i.
37
List the prime factors of 3984/40*(-15)/(-6)*1.
3, 83
Let j be 14/(-2*(-1)/2). Let u = 37 - j. What are the prime factors of u?
23
Suppose 0 = -q - q + 10. Let l be 14/(-4)*4*-3. Suppose -3